{"id":9,"date":"2012-02-14T15:55:58","date_gmt":"2012-02-14T15:55:58","guid":{"rendered":"http:\/\/sscspark.com\/?page_id=9"},"modified":"2022-03-11T08:03:41","modified_gmt":"2022-03-11T08:03:41","slug":"fooldal-home","status":"publish","type":"page","link":"https:\/\/sscspark.com\/?page_id=9","title":{"rendered":"(ARCHIV)_Park adatok"},"content":{"rendered":"<p>&nbsp;<\/p>\n<p>&nbsp;<\/p>\n<p>&nbsp;<\/p>\n<p>Arch\u00edv \u00edr\u00e1sok:<\/p>\n<hr \/>\n<h3><span style=\"color: #008000;\">\u00c9p\u00fcl az \u00faj gyeng\u00e9lked\u0151 a parkban<\/span><\/h3>\n<h6><a href=\"http:\/\/sscspark.com\/wp-content\/uploads\/2012\/02\/gyengelkedo.jpg\"><img loading=\"lazy\" decoding=\"async\" class=\"alignleft size-medium wp-image-714\" src=\"http:\/\/sscspark.com\/wp-content\/uploads\/2012\/02\/gyengelkedo-300x225.jpg\" alt=\"gyengelkedo\" width=\"300\" height=\"225\" srcset=\"https:\/\/sscspark.com\/wp-content\/uploads\/2012\/02\/gyengelkedo-300x225.jpg 300w, https:\/\/sscspark.com\/wp-content\/uploads\/2012\/02\/gyengelkedo-150x112.jpg 150w, https:\/\/sscspark.com\/wp-content\/uploads\/2012\/02\/gyengelkedo-400x300.jpg 400w, https:\/\/sscspark.com\/wp-content\/uploads\/2012\/02\/gyengelkedo.jpg 768w\" sizes=\"auto, (max-width: 300px) 100vw, 300px\" \/><\/a><span style=\"color: #008000;\">A S\u00edk S\u00e1ndor Cserk\u00e9szparkban sz\u00e9pen \u00e9p\u00fcl az \u00faj gyeng\u00e9lked\u0151 \u00e9p\u00fclet. A Bocskai R\u00e1di\u00f3 \u00e1ltal k\u00e9sz\u00fclt egy 15 perces vide\u00f3 amin Kov\u00e1cs Gyuri, a park igazgat\u00f3helyettes besz\u00e1mol a munka hallad\u00e1s\u00e1r\u00f3l.\u00a0 Sz\u00e9p mozg\u00f3k\u00e9pek az \u00e9p\u00fclet k\u00fcls\u0151j\u00e9r\u0151l \/ bels\u0151j\u00e9r\u0151l a havas parkban december k\u00f6zep\u00e9n k\u00e9sz\u00fclt. <\/span><\/h6>\n<h6><span style=\"color: #0000ff;\"><a href=\"https:\/\/www.facebook.com\/BocskaiRadio\/posts\/10155847141897278\" target=\"_blank\" rel=\"noopener\"><span style=\"color: #0000ff;\">A vide\u00f3 itt megtekinthet\u0151<\/span>\u00a0<\/a> \u00a0<\/span><\/h6>\n<h3><\/h3>\n<p>&nbsp;<\/p>\n<h3><\/h3>\n<hr \/>\n<h3><span style=\"color: #008000;\">Cserk\u00e9szparkunk b\u0151v\u00fclt egy mell\u00e9k telek v\u00e1s\u00e1rl\u00e1ssal<\/span><\/h3>\n<h6><span style=\"color: #008000;\">Nagy \u00f6r\u00f6mmel k\u00f6z\u00f6lj\u00fck a h\u00edrt, hogy lehet\u0151s\u00e9g\u00fcnk volt megv\u00e1s\u00e1rolni S\u00edk\u00a0S\u00e1ndor Cserk\u00e9szpark melletti telket.\u00a0A m\u00faltban kaptunk enged\u00e9lyt hogy haszn\u00e1ljuk ezt a f\u00f6ldet, de mivel nem volt a mi\u00e9nk, korl\u00e1ttal\u00a0j\u00e1rt. Id\u00e9n a tulajdon eld\u00f6nt\u00f6tte hogy eladja, ami megadja nek\u00fcnk a lehet\u0151s\u00e9get hogy\u00a0elsaj\u00e1t\u00edtsuk \u00e9s egyben biztos\u00edtsuk hogy tov\u00e1bbra is haszn\u00e1lhatjuk.<\/span><br \/>\n<span style=\"color: #008000;\">H\u00e1l\u00e1san fogadunk b\u00e1rmilyen t\u00e1mogat\u00e1st arra a c\u00e9lra hogy ezt val\u00f3s\u00edtsuk. <\/span><\/h6>\n<h3><span style=\"color: #008000;\"><a href=\"http:\/\/sscspark.com\/wp-content\/uploads\/2012\/02\/uj-telek-terkep-2.jpg\"><img loading=\"lazy\" decoding=\"async\" class=\"aligncenter size-full wp-image-712\" src=\"http:\/\/sscspark.com\/wp-content\/uploads\/2012\/02\/uj-telek-terkep-2.jpg\" alt=\"uj telek terkep 2\" width=\"896\" height=\"584\" srcset=\"https:\/\/sscspark.com\/wp-content\/uploads\/2012\/02\/uj-telek-terkep-2.jpg 896w, https:\/\/sscspark.com\/wp-content\/uploads\/2012\/02\/uj-telek-terkep-2-300x195.jpg 300w, https:\/\/sscspark.com\/wp-content\/uploads\/2012\/02\/uj-telek-terkep-2-150x97.jpg 150w, https:\/\/sscspark.com\/wp-content\/uploads\/2012\/02\/uj-telek-terkep-2-400x260.jpg 400w\" sizes=\"auto, (max-width: 896px) 100vw, 896px\" \/><\/a><\/span><\/h3>\n<hr \/>\n<h3><\/h3>\n<h3><a href=\"http:\/\/sscspark.com\/wp-content\/uploads\/2012\/02\/Scout-park-50th-logo-color.jpg\"><img loading=\"lazy\" decoding=\"async\" class=\"alignleft wp-image-472\" title=\"Scout park 50th logo color\" src=\"http:\/\/sscspark.com\/wp-content\/uploads\/2012\/02\/Scout-park-50th-logo-color-142x300.jpg\" alt=\"\" width=\"136\" height=\"285\" srcset=\"https:\/\/sscspark.com\/wp-content\/uploads\/2012\/02\/Scout-park-50th-logo-color-487x1024.jpg 487w, https:\/\/sscspark.com\/wp-content\/uploads\/2012\/02\/Scout-park-50th-logo-color-71x150.jpg 71w, https:\/\/sscspark.com\/wp-content\/uploads\/2012\/02\/Scout-park-50th-logo-color-400x839.jpg 400w, https:\/\/sscspark.com\/wp-content\/uploads\/2012\/02\/Scout-park-50th-logo-color.jpg 951w\" sizes=\"auto, (max-width: 136px) 100vw, 136px\" \/><\/a><span style=\"color: #008000;\"><a href=\"http:\/\/sscspark.com\/wp-content\/uploads\/2012\/02\/thermometernew3.jpg\"><img loading=\"lazy\" decoding=\"async\" class=\"alignright size-full wp-image-691\" style=\"width: 115px; height: 288px;\" src=\"http:\/\/sscspark.com\/wp-content\/uploads\/2012\/02\/thermometernew3.jpg\" alt=\"thermometernew\" width=\"145\" height=\"404\" \/><\/a>Nagyon sikeres p\u00e9nzgy\u0171jt\u0151 akci\u00f3<\/span><\/h3>\n<h6><span style=\"color: #008000;\">Nagy \u00f6r\u00f6mmel \u00e9s h\u00e1l\u00e1val jelentj\u00fck, hogy a S\u00edk S\u00e1ndor Cserk\u00e9szpark 50. \u00e9vfordul\u00f3 alkalm\u00e1val beind\u00edtott p\u00e9nzgy\u0171jt\u0151 akci\u00f3nk el\u00e9rte a c\u00e9lj\u00e1t 2014-ben!\u00a0 A mai napig t\u00f6bb mint <strong><span style=\"text-decoration: underline;\">$206,000<\/span><\/strong>-t gy\u0171jt\u00f6tt\u00fcnk \u00f6ssze adom\u00e1nyokb\u00f3l \u00e9s p\u00e1ly\u00e1zatokb\u00f3l a k\u00f6zponti parkunk fel\u00faj\u00edt\u00e1s\u00e1ra \u00e9s fejleszt\u00e9s\u00e9hez.<\/span><\/h6>\n<h6><span style=\"color: #008000;\">Els\u0151sorban k\u00f6sz\u00f6nj\u00fck\u00a0mindazoknak a cserk\u00e9szeknek, cserk\u00e9szvezet\u0151knek, csapatoknak, egy\u00e9neknek \u00e9s szervezeteknek, akik adom\u00e1nyaikkal sikeress\u00e9 tett\u00e9k a t\u00f6bb mint k\u00e9t\u00e9ves akci\u00f3nkat.\u00a0 K\u00fcl\u00f6n k\u00f6sz\u00f6net j\u00e1r mindazoknak akik helybelileg\u00a0toboroztak \u00e9s rendezv\u00e9nyeket szerveztek\u00a0a cserk\u00e9szparkunk jav\u00e1ra.<\/span><\/h6>\n<h6><span style=\"color: #008000;\">B\u00e1r ezt\u00a0a k\u00fcl\u00f6n p\u00e9nzgy\u0171jt\u00e9st most lez\u00e1rjuk, mindig sz\u00edvesen fogadunk adom\u00e1nyokat a park jav\u00e1ra a Magyar Cserk\u00e9sz Alapon kereszt\u00fcl.<\/span><\/h6>\n<h6><span style=\"color: #008000;\">Itt\u00a0r\u00f6viden besz\u00e1molunk a teljes\u00edtm\u00e9nyekr\u0151l, nagy vonalokban, honnan ker\u00edtett\u00fck a p\u00e9nzeket \u00e9s eddig mire\u00a0k\u00f6lt\u00f6tt\u00fck:<\/span>\u00a0\u00a0\u00a0<span style=\"color: #0000ff;\"><a href=\"http:\/\/sscspark.com\/wp-content\/uploads\/2012\/02\/SSCs.park-beszamolo-apr.-2015-.pdf\"><span style=\"color: #0000ff;\">Besz\u00e1mol\u00f3 a p\u00e9nzgy\u0171jt\u0151 akci\u00f3r\u00f3l.<\/span><\/a><\/span><span style=\"color: #0000ff;\"><span style=\"color: #008000;\">\u00a0<\/span><\/span><\/h6>\n<h6><span style=\"color: #008000;\">Itt megtal\u00e1lhat\u00f3 az \u201eEzer\u201dmesterek list\u00e1ja, azok akik\u00a0ezer doll\u00e1rt vagy t\u00f6bbet adom\u00e1nyoztak, \u00e9s a lista azokr\u00f3l a\u00a0csapatokr\u00f3l \u00e9s cserk\u00e9szszervezetekr\u0151l, amik seg\u00edtettek\u00a0a c\u00e9lunkat el\u00e9rni:<\/span>\u00a0<a href=\"http:\/\/sscspark.com\/wp-content\/uploads\/2012\/02\/Ezermesterek2.pdf\"><span style=\"color: #0000ff;\">&#8222;Ezer&#8221;mesterek list\u00e1ja.<\/span><\/a><\/h6>\n<hr \/>\n<p>&nbsp;<\/p>\n<p><a href=\"http:\/\/sscspark.com\/wp-content\/uploads\/2012\/02\/2014-akadalyverseny-001.jpg\"><img loading=\"lazy\" decoding=\"async\" class=\"alignleft size-large wp-image-617\" style=\"width: 305px; height: 228px;\" src=\"http:\/\/sscspark.com\/wp-content\/uploads\/2012\/02\/2014-akadalyverseny-001-1024x768.jpg\" alt=\"2014 akadalyverseny 001\" width=\"640\" height=\"480\" srcset=\"https:\/\/sscspark.com\/wp-content\/uploads\/2012\/02\/2014-akadalyverseny-001-1024x768.jpg 1024w, https:\/\/sscspark.com\/wp-content\/uploads\/2012\/02\/2014-akadalyverseny-001-300x225.jpg 300w, https:\/\/sscspark.com\/wp-content\/uploads\/2012\/02\/2014-akadalyverseny-001-150x112.jpg 150w, https:\/\/sscspark.com\/wp-content\/uploads\/2012\/02\/2014-akadalyverseny-001-400x300.jpg 400w, https:\/\/sscspark.com\/wp-content\/uploads\/2012\/02\/2014-akadalyverseny-001.jpg 2048w\" sizes=\"auto, (max-width: 640px) 100vw, 640px\" \/><\/a><\/p>\n<h3><span style=\"color: #008000;\">A 2014-es Akad\u00e1lyversenyen \u00fcnnepelt\u00fck a cs.park 50. \u00e9v\u00e9t!<\/span><\/h3>\n<p><strong><span style=\"color: #008000;\">T\u00f6bb mint \u00f6tven \u00e9vvel ezel\u0151tt, 1964. m\u00e1jus 30-\u00e1n, a k\u00f6zponti Akad\u00e1lyversenyen avatt\u00e1k fel a S\u00edk S\u00e1ndor Cserk\u00e9szparkot.\u00a0 2014-ben, a m\u00e1jus 24-25 h\u00e9tv\u00e9g\u00e9n t\u00f6bb mint 300 Magyar cserk\u00e9sz az Egyes\u00fclt \u00c1llamok \u00e9s Kanada k\u00f6z\u00e9p \u00e9s kelleti partj\u00e1r\u00f3l r\u00e9szt vettek az Akad\u00e1lyversenyen \u00e9s meg\u00fcnnepelt\u00e9k a park 50. \u00e9vfordul\u00f3j\u00e1t.<\/span><\/strong><\/p>\n<h4><span style=\"color: #0000ff;\"><a href=\"https:\/\/www.facebook.com\/media\/set\/?set=a.391795577626323.1073741857.326831027456112&amp;type=3\" target=\"_blank\" rel=\"noopener\"><span style=\"color: #0000ff;\">F\u00e9nyk\u00e9pek a 2014-es Akad\u00e1lyversenyr\u0151l <\/span><\/a><\/span><\/h4>\n<p><strong><span style=\"color: #008000;\">Ha lenne k\u00e9peid az elm\u00falt Akad\u00e1lyversenyr\u0151l, vagy m\u00e1s esem\u00e9nyr\u0151l ami a parkban t\u00f6rt\u00e9nt,\u00a0\u00e9s megszeretn\u00e9d osztani vel\u00fcnk a park <a href=\"https:\/\/www.facebook.com\/pages\/Sik-Sandor-Cserkeszpark\/326831027456112?ref=profile\" target=\"_blank\" rel=\"noopener\"><span style=\"color: #0000ff;\">facebook oldal\u00e1n<\/span><\/a>, akkor k\u00fcld el a k\u00e9peket Luk\u00e1cs Tibor-hoz a<\/span> <span style=\"color: #0000ff;\"><a href=\"mailto:ltiborba@gmail.com\"><span style=\"color: #0000ff;\">ltiborba@gmail.com<\/span><\/a><\/span>\u00a0<span style=\"color: #008000;\">c\u00edm\u00e9re.\u00a0<\/span> <\/strong><\/p>\n<hr \/>\n<h4><span style=\"color: #0000ff;\"><a href=\"http:\/\/sscspark.com\/wp-content\/uploads\/2012\/03\/SSCs.park-MCS.jun-jul1964-001.jpg\" target=\"_blank\" rel=\"noopener\"><span style=\"color: #0000ff;\">Besz\u00e1mol\u00f3 az 1964-es avat\u00e1sr\u00f3l \/ <\/span><\/a>\u00a0 \u00a0 \u00a0 \u00a0<\/span><\/h4>\n<p><strong><span style=\"color: #0000ff;\"><span style=\"color: #008000;\"><em>(A cikk eredetileg a &#8222;Magyar Cserk\u00e9sz&#8221; 1964. j\u00fan.-j\u00fal. sz\u00e1mban jelent meg)<\/em><\/span><\/span><\/strong><\/p>\n<h4 style=\"text-align: left;\"><span style=\"color: #0000ff;\"><a href=\"http:\/\/sscspark.com\/wp-content\/uploads\/2012\/02\/SSCs.park-emlektargyak-reklam.pdf\"><span style=\"color: #0000ff;\">50. \u00e9vf. eml\u00e9kt\u00e1rgyak itt tekinthet\u0151k\u00a0<\/span><\/a><\/span><\/h4>\n<h4 style=\"text-align: left;\"><\/h4>\n<hr \/>\n<p>&nbsp;<\/p>\n<h4 style=\"text-align: left;\"><a href=\"http:\/\/sscspark.com\/wp-content\/uploads\/2012\/02\/jubi_logo.jpg\"><img loading=\"lazy\" decoding=\"async\" class=\"alignleft size-large wp-image-639\" style=\"width: 224px; height: 224px;\" src=\"http:\/\/sscspark.com\/wp-content\/uploads\/2012\/02\/jubi_logo-1015x1024.jpg\" alt=\"jubi_logo\" width=\"640\" height=\"645\" srcset=\"https:\/\/sscspark.com\/wp-content\/uploads\/2012\/02\/jubi_logo-1015x1024.jpg 1015w, https:\/\/sscspark.com\/wp-content\/uploads\/2012\/02\/jubi_logo-150x150.jpg 150w, https:\/\/sscspark.com\/wp-content\/uploads\/2012\/02\/jubi_logo-297x300.jpg 297w, https:\/\/sscspark.com\/wp-content\/uploads\/2012\/02\/jubi_logo-148x150.jpg 148w, https:\/\/sscspark.com\/wp-content\/uploads\/2012\/02\/jubi_logo-400x403.jpg 400w\" sizes=\"auto, (max-width: 640px) 100vw, 640px\" \/><\/a><\/h4>\n<h3><span style=\"color: #008000;\">2015 K\u00f6zponti Jubileumi Nagyt\u00e1bor<\/span><\/h3>\n<h4><span style=\"color: #008000;\">Fel\u00fajult\u00a0a 2015-\u00f6s K\u00f6zponti Jubileumi Nagyt\u00e1bornak a honlapja.\u00a0 <a href=\"http:\/\/www.jubitabor.org\/\" target=\"_blank\" rel=\"noopener\"><span style=\"color: #0000ff;\">Kattins ide<\/span><\/a> megtal\u00e1lni minden inform\u00e1ci\u00f3t a t\u00e1borr\u00f3l!<\/span><\/h4>\n<h4><span style=\"color: #008000;\">The website for the 2015 Hungarian Scout Jamboree, which\u00a0was held at our park, has been updated.\u00a0 <a href=\"http:\/\/www.jubitabor.org\/\" target=\"_blank\" rel=\"noopener\"><span style=\"color: #0000ff;\">Click here<\/span><\/a> to see all information about the camp (in Hungarian).<\/span><\/h4>\n<p>&nbsp;<\/p>\n<p>&nbsp;<\/p>\n<h4><span style=\"color: #008000;\"><strong><a href=\"http:\/\/sscspark.com\/wp-content\/uploads\/2012\/02\/0_SSCsPark-tabla.jpg\"><span style=\"color: #008000;\"><img loading=\"lazy\" decoding=\"async\" class=\"alignleft size-medium wp-image-395\" title=\"0_SSCsPark-tabla\" src=\"http:\/\/sscspark.com\/wp-content\/uploads\/2012\/02\/0_SSCsPark-tabla-225x300.jpg\" alt=\"\" width=\"225\" height=\"300\" srcset=\"https:\/\/sscspark.com\/wp-content\/uploads\/2012\/02\/0_SSCsPark-tabla-225x300.jpg 225w, https:\/\/sscspark.com\/wp-content\/uploads\/2012\/02\/0_SSCsPark-tabla-112x150.jpg 112w, https:\/\/sscspark.com\/wp-content\/uploads\/2012\/02\/0_SSCsPark-tabla-400x533.jpg 400w, https:\/\/sscspark.com\/wp-content\/uploads\/2012\/02\/0_SSCsPark-tabla.jpg 768w\" sizes=\"auto, (max-width: 225px) 100vw, 225px\" \/><\/span><\/a><\/strong><strong>A K\u00fclf\u00f6ldi Magyar Cserk\u00e9szet <\/strong><strong>akad\u00e1lyversenynek,\u00a0\u00a0reg\u00f6s h\u00e9tv\u00e9g\u00e9nek, a vezet\u0151k\u00e9pz\u0151 t\u00e1boroknak,\u00a0a ny\u00e1ri magyar iskol\u00e1nak \u00e9s\u00a0a magyar cserk\u00e9szcsapatoknak a\u00a0k\u00f6zponti t\u00e1borhelye.<em>\u00a0\u00a0\u00a0<\/em><\/strong><\/span><\/h4>\n<h3><\/h3>\n<h3><span style=\"color: #008000;\">10993 County Road 15, Fillmore, NY 14735\u00a0<\/span><\/h3>\n<h3><\/h3>\n<h3><span style=\"color: #008000;\">\u00a0<\/span><\/h3>\n<h3><\/h3>\n<h3><\/h3>\n<h4><strong><span style=\"color: #0000ff;\"><a href=\"http:\/\/sscspark.com\/wp-content\/uploads\/2012\/02\/SSCs.park-adat-lap.pdf\"><span style=\"color: #0000ff;\">Gyors adat lap a S\u00edk S\u00e1ndor Cserk\u00e9szparkr\u00f3l itt megtekinthet\u0151<\/span><\/a><\/span><\/strong><\/h4>\n<h4><span style=\"color: #0000ff;\"><a href=\"http:\/\/sscspark.com\/wp-content\/uploads\/2012\/02\/Uj-epitmenyek-es-aki.pdf\"><span style=\"color: #0000ff;\">K\u00e9pek \u00faj \u00e9pitm\u00e9nyekr\u0151l a parkban itt l\u00e1that\u00f3.<\/span><\/a><\/span><\/h4>\n<h4><\/h4>\n<h4><\/h4>\n","protected":false},"excerpt":{"rendered":"<p>&nbsp; &nbsp; &nbsp; Arch\u00edv \u00edr\u00e1sok: \u00c9p\u00fcl az \u00faj gyeng\u00e9lked\u0151 a parkban A S\u00edk S\u00e1ndor Cserk\u00e9szparkban sz\u00e9pen \u00e9p\u00fcl az \u00faj gyeng\u00e9lked\u0151 \u00e9p\u00fclet. A [&hellip;]<\/p>\n","protected":false},"author":2,"featured_media":0,"parent":0,"menu_order":0,"comment_status":"closed","ping_status":"closed","template":"","meta":{"footnotes":""},"class_list":["post-9","page","type-page","status-publish","hentry"],"_links":{"self":[{"href":"https:\/\/sscspark.com\/index.php?rest_route=\/wp\/v2\/pages\/9","targetHints":{"allow":["GET"]}}],"collection":[{"href":"https:\/\/sscspark.com\/index.php?rest_route=\/wp\/v2\/pages"}],"about":[{"href":"https:\/\/sscspark.com\/index.php?rest_route=\/wp\/v2\/types\/page"}],"author":[{"embeddable":true,"href":"https:\/\/sscspark.com\/index.php?rest_route=\/wp\/v2\/users\/2"}],"replies":[{"embeddable":true,"href":"https:\/\/sscspark.com\/index.php?rest_route=%2Fwp%2Fv2%2Fcomments&post=9"}],"version-history":[{"count":110,"href":"https:\/\/sscspark.com\/index.php?rest_route=\/wp\/v2\/pages\/9\/revisions"}],"predecessor-version":[{"id":1373,"href":"https:\/\/sscspark.com\/index.php?rest_route=\/wp\/v2\/pages\/9\/revisions\/1373"}],"wp:attachment":[{"href":"https:\/\/sscspark.com\/index.php?rest_route=%2Fwp%2Fv2%2Fmedia&parent=9"}],"curies":[{"name":"wp","href":"https:\/\/api.w.org\/{rel}","templated":true}]}}