{"id":1479,"date":"2022-03-22T07:07:41","date_gmt":"2022-03-22T07:07:41","guid":{"rendered":"http:\/\/sscspark.com\/?page_id=1479"},"modified":"2022-03-22T10:14:07","modified_gmt":"2022-03-22T10:14:07","slug":"leagazasok","status":"publish","type":"page","link":"http:\/\/sscspark.com\/?page_id=1479","title":{"rendered":"LE\u00c1GAZ\u00c1SOK"},"content":{"rendered":"<p><strong>S\u00edk S\u00e1ndor Cserk\u00e9szparkhoz k\u00f6t\u0151d\u0151 lapok:<\/strong><\/p>\n<ul>\n<li><a href=\"https:\/\/iskolatabor.org\/\">KMCCSZ Ny\u00e1ri iskolat\u00e1bor <\/a><\/li>\n<li><a href=\"https:\/\/cserkeszbolt.com\/\">Cserk\u00e9szbolt \u2013 K\u00fclf\u00f6ldi Magyar Cserk\u00e9szsz\u00f6vets\u00e9g Cserk\u00e9szboltja <\/a><\/li>\n<li><a href=\"https:\/\/www.jubitabor.org\/\">KMCSSZ K\u00f6zponti Jubileumi Nagyt\u00e1bor <\/a><\/li>\n<li><a href=\"https:\/\/diaszporaiskola.org\/\">Diaszp\u00f3ra Iskolat\u00e1bor<\/a><\/li>\n<\/ul>\n<p>&nbsp;<\/p>\n<p><strong>K\u00fclf\u00f6ldi Magyar Cserk\u00e9szsz\u00f6vets\u00e9ghez<\/strong> <strong>k\u00f6t\u0151d\u0151 lapok:<\/strong><\/p>\n<ul>\n<li><a href=\"https:\/\/www.cserkesz.de\" target=\"_blank\" rel=\"noopener\">KMCSSZ 1. ker\u00fclet<\/a><\/li>\n<li><a href=\"https:\/\/kmcssz.org\/site\/wp-content\/uploads\/2021\/03\/II.-KERULET-ARGENTINA-2021.pdf\" target=\"_blank\" rel=\"noopener\">KMCSSZ 2. ker\u00fclet<\/a><\/li>\n<li><a href=\"https:\/\/www.facebook.com\/kmcsszIII\" target=\"_blank\" rel=\"noopener\">KMCSSZ 3. ker\u00fclet<\/a><\/li>\n<\/ul>\n<p>&nbsp;<\/p>\n<p><strong>M\u00e1s cserk\u00e9szsz\u00f6vets\u00e9gek lapjai:<\/strong><\/p>\n<ul>\n<li><a href=\"https:\/\/www.cserkesz.hu\/\">Magyar Cserk\u00e9szsz\u00f6vets\u00e9g<\/a><\/li>\n<li><a href=\"https:\/\/rmcssz.ro\/\">Rom\u00e1niai Magyar Cserk\u00e9szsz\u00f6vets\u00e9g<\/a><\/li>\n<li><a href=\"https:\/\/cserkesz.com.ua\/\">K\u00e1rp\u00e1taljai Magyar Cserk\u00e9szsz\u00f6vets\u00e9g<\/a><\/li>\n<li><a href=\"https:\/\/www.szmcs.sk\/\">Szlov\u00e1kiai Magyar Cserk\u00e9szsz\u00f6vets\u00e9g <\/a><\/li>\n<li><a href=\"https:\/\/www.vmcssz.rs\/\">Vajdas\u00e1gi Magyar Cserk\u00e9szsz\u00f6vets\u00e9g<\/a><\/li>\n<\/ul>\n<p>&nbsp;<\/p>\n","protected":false},"excerpt":{"rendered":"<p>S\u00edk S\u00e1ndor Cserk\u00e9szparkhoz k\u00f6t\u0151d\u0151 lapok: KMCCSZ Ny\u00e1ri iskolat\u00e1bor Cserk\u00e9szbolt \u2013 K\u00fclf\u00f6ldi Magyar Cserk\u00e9szsz\u00f6vets\u00e9g Cserk\u00e9szboltja KMCSSZ K\u00f6zponti Jubileumi Nagyt\u00e1bor Diaszp\u00f3ra Iskolat\u00e1bor &nbsp; K\u00fclf\u00f6ldi [&hellip;]<\/p>\n","protected":false},"author":1,"featured_media":0,"parent":0,"menu_order":0,"comment_status":"closed","ping_status":"closed","template":"","meta":{"footnotes":""},"class_list":["post-1479","page","type-page","status-publish","hentry"],"_links":{"self":[{"href":"http:\/\/sscspark.com\/index.php?rest_route=\/wp\/v2\/pages\/1479","targetHints":{"allow":["GET"]}}],"collection":[{"href":"http:\/\/sscspark.com\/index.php?rest_route=\/wp\/v2\/pages"}],"about":[{"href":"http:\/\/sscspark.com\/index.php?rest_route=\/wp\/v2\/types\/page"}],"author":[{"embeddable":true,"href":"http:\/\/sscspark.com\/index.php?rest_route=\/wp\/v2\/users\/1"}],"replies":[{"embeddable":true,"href":"http:\/\/sscspark.com\/index.php?rest_route=%2Fwp%2Fv2%2Fcomments&post=1479"}],"version-history":[{"count":7,"href":"http:\/\/sscspark.com\/index.php?rest_route=\/wp\/v2\/pages\/1479\/revisions"}],"predecessor-version":[{"id":1490,"href":"http:\/\/sscspark.com\/index.php?rest_route=\/wp\/v2\/pages\/1479\/revisions\/1490"}],"wp:attachment":[{"href":"http:\/\/sscspark.com\/index.php?rest_route=%2Fwp%2Fv2%2Fmedia&parent=1479"}],"curies":[{"name":"wp","href":"https:\/\/api.w.org\/{rel}","templated":true}]}}