{"id":1420,"date":"2022-03-15T11:22:36","date_gmt":"2022-03-15T11:22:36","guid":{"rendered":"http:\/\/sscspark.com\/?page_id=1420"},"modified":"2022-04-14T06:44:42","modified_gmt":"2022-04-14T06:44:42","slug":"lamperth-zoltan-megemlekezesi-alap","status":"publish","type":"page","link":"http:\/\/sscspark.com\/?page_id=1420","title":{"rendered":"Lamperth Zolt\u00e1n megeml\u00e9kez\u00e9si alap"},"content":{"rendered":"<h3 style=\"text-align: center;\"><strong><u>MEGEML\u00c9KEZ\u00c9S<\/u><\/strong><\/h3>\n<p style=\"text-align: center;\">Szomor\u00fa sz\u00edvvel tudatjuk\u00a0<strong>Lamperth Zolt\u00e1n cst.<\/strong>\u00a0cserk\u00e9sztestv\u00e9r\u00fcnk \u00e9s j\u00f3 bar\u00e1tunk \u201eHazament\u00e9t.\u201d<\/p>\n<p><a href=\"http:\/\/sscspark.com\/wp-content\/uploads\/2022\/03\/zoli-3.jpg\"><img loading=\"lazy\" decoding=\"async\" class=\"aligncenter size-medium wp-image-1427\" src=\"http:\/\/sscspark.com\/wp-content\/uploads\/2022\/03\/zoli-3-300x200.jpg\" alt=\"\" width=\"300\" height=\"200\" srcset=\"http:\/\/sscspark.com\/wp-content\/uploads\/2022\/03\/zoli-3-300x200.jpg 300w, http:\/\/sscspark.com\/wp-content\/uploads\/2022\/03\/zoli-3-768x512.jpg 768w, http:\/\/sscspark.com\/wp-content\/uploads\/2022\/03\/zoli-3-920x613.jpg 920w, http:\/\/sscspark.com\/wp-content\/uploads\/2022\/03\/zoli-3-230x153.jpg 230w, http:\/\/sscspark.com\/wp-content\/uploads\/2022\/03\/zoli-3-350x233.jpg 350w, http:\/\/sscspark.com\/wp-content\/uploads\/2022\/03\/zoli-3-480x320.jpg 480w, http:\/\/sscspark.com\/wp-content\/uploads\/2022\/03\/zoli-3.jpg 960w\" sizes=\"auto, (max-width: 300px) 100vw, 300px\" \/><\/a><\/p>\n<p style=\"text-align: center;\">Zoli b\u00e1 1970-ben kezdte akt\u00edv cserk\u00e9szked\u00e9s\u00e9t, majd 1990-ben felv\u00e1llalta a S\u00edk S\u00e1ndor Cserk\u00e9szpark igazgat\u00e1s\u00e1t, amit 32 \u00e9ven kereszt\u00fcl teljes erej\u00e9vel \u00e9s szorgalommal teljes\u00edtett. A cserk\u00e9szpark volt a m\u00e1sodik otthona, ahova mindig sz\u00edvesen j\u00f6tt tenni, amit tudott a cserk\u00e9szk\u00f6z\u00f6ss\u00e9g\u00e9rt!<\/p>\n<p><a href=\"http:\/\/sscspark.com\/wp-content\/uploads\/2022\/03\/zoli.jpg\"><img loading=\"lazy\" decoding=\"async\" class=\"aligncenter size-medium wp-image-1428\" src=\"http:\/\/sscspark.com\/wp-content\/uploads\/2022\/03\/zoli-300x200.jpg\" alt=\"\" width=\"300\" height=\"200\" srcset=\"http:\/\/sscspark.com\/wp-content\/uploads\/2022\/03\/zoli-300x200.jpg 300w, http:\/\/sscspark.com\/wp-content\/uploads\/2022\/03\/zoli-768x512.jpg 768w, http:\/\/sscspark.com\/wp-content\/uploads\/2022\/03\/zoli-920x613.jpg 920w, http:\/\/sscspark.com\/wp-content\/uploads\/2022\/03\/zoli-230x153.jpg 230w, http:\/\/sscspark.com\/wp-content\/uploads\/2022\/03\/zoli-350x233.jpg 350w, http:\/\/sscspark.com\/wp-content\/uploads\/2022\/03\/zoli-480x320.jpg 480w, http:\/\/sscspark.com\/wp-content\/uploads\/2022\/03\/zoli.jpg 960w\" sizes=\"auto, (max-width: 300px) 100vw, 300px\" \/><\/a><\/p>\n<p style=\"text-align: center;\">Id\u00e9zet S\u00edk S\u00e1ndor n\u00e9vad\u00f3nk soraib\u00f3l:<\/p>\n<p style=\"text-align: center;\"><em>T\u00e9gy minden j\u00f3t amit<\/em><\/p>\n<p style=\"text-align: center;\"><em>Megtehetsz,<\/em><\/p>\n<p style=\"text-align: center;\"><em>Ott, ahol vagy,<\/em><\/p>\n<p style=\"text-align: center;\"><em>\u00dagy, ahogy teheted,\u2026<\/em><\/p>\n<p style=\"text-align: center;\">Zoli-b\u00e1 ezek a szavak \u00e9rtelm\u00e9ben tette dolg\u00e1t!<br \/>\nK\u00f6sz\u00f6nj\u00fck munk\u00e1j\u00e1t \u00e9s bar\u00e1ts\u00e1g\u00e1t!<\/p>\n<p style=\"text-align: center;\">A K\u00fclf\u00f6ldi Magyar Cserk\u00e9szsz\u00f6vets\u00e9g Zoli-b\u00e1 eml\u00e9k\u00e9re l\u00e9trehozza a Lamperth Zolt\u00e1n megeml\u00e9kez\u00e9si alapot amelynek keret\u00e9ben minden adom\u00e1nyt a S\u00edk S\u00e1ndor Cserk\u00e9szpark jav\u00e1ra fogunk felhaszn\u00e1lni.<\/p>\n<p><a href=\"https:\/\/www.paypal.com\/donate\/?hosted_button_id=SU6K8MVEHHXL4\"><img loading=\"lazy\" decoding=\"async\" class=\"aligncenter wp-image-1421 size-full\" src=\"http:\/\/sscspark.com\/wp-content\/uploads\/2022\/03\/letoltes.jpg\" alt=\"\" width=\"281\" height=\"179\" srcset=\"http:\/\/sscspark.com\/wp-content\/uploads\/2022\/03\/letoltes.jpg 281w, http:\/\/sscspark.com\/wp-content\/uploads\/2022\/03\/letoltes-230x147.jpg 230w\" sizes=\"auto, (max-width: 281px) 100vw, 281px\" \/><\/a><\/p>\n<p style=\"text-align: center;\"><strong>Isten nyugosztaljon&#8230;eml\u00e9kezet\u00fcnkben maradsz!<\/strong><\/p>\n<p><a href=\"http:\/\/sscspark.com\/wp-content\/uploads\/2022\/03\/zoli4.jpg\"><img loading=\"lazy\" decoding=\"async\" class=\"aligncenter size-medium wp-image-1429\" src=\"http:\/\/sscspark.com\/wp-content\/uploads\/2022\/03\/zoli4-225x300.jpg\" alt=\"\" width=\"225\" height=\"300\" srcset=\"http:\/\/sscspark.com\/wp-content\/uploads\/2022\/03\/zoli4-225x300.jpg 225w, http:\/\/sscspark.com\/wp-content\/uploads\/2022\/03\/zoli4-230x307.jpg 230w, http:\/\/sscspark.com\/wp-content\/uploads\/2022\/03\/zoli4-350x467.jpg 350w, http:\/\/sscspark.com\/wp-content\/uploads\/2022\/03\/zoli4-480x640.jpg 480w, http:\/\/sscspark.com\/wp-content\/uploads\/2022\/03\/zoli4.jpg 720w\" sizes=\"auto, (max-width: 225px) 100vw, 225px\" \/><\/a><\/p>\n<p><a href=\"http:\/\/sscspark.com\/wp-content\/uploads\/2022\/03\/zoli-2.jpg\"><img loading=\"lazy\" decoding=\"async\" class=\"aligncenter size-medium wp-image-1426\" src=\"http:\/\/sscspark.com\/wp-content\/uploads\/2022\/03\/zoli-2-300x200.jpg\" alt=\"\" width=\"300\" height=\"200\" srcset=\"http:\/\/sscspark.com\/wp-content\/uploads\/2022\/03\/zoli-2-300x200.jpg 300w, http:\/\/sscspark.com\/wp-content\/uploads\/2022\/03\/zoli-2-768x512.jpg 768w, http:\/\/sscspark.com\/wp-content\/uploads\/2022\/03\/zoli-2-920x613.jpg 920w, http:\/\/sscspark.com\/wp-content\/uploads\/2022\/03\/zoli-2-230x153.jpg 230w, http:\/\/sscspark.com\/wp-content\/uploads\/2022\/03\/zoli-2-350x233.jpg 350w, http:\/\/sscspark.com\/wp-content\/uploads\/2022\/03\/zoli-2-480x320.jpg 480w, http:\/\/sscspark.com\/wp-content\/uploads\/2022\/03\/zoli-2.jpg 960w\" sizes=\"auto, (max-width: 300px) 100vw, 300px\" \/><\/a><\/p>\n","protected":false},"excerpt":{"rendered":"<p>MEGEML\u00c9KEZ\u00c9S Szomor\u00fa sz\u00edvvel tudatjuk\u00a0Lamperth Zolt\u00e1n cst.\u00a0cserk\u00e9sztestv\u00e9r\u00fcnk \u00e9s j\u00f3 bar\u00e1tunk \u201eHazament\u00e9t.\u201d Zoli b\u00e1 1970-ben kezdte akt\u00edv cserk\u00e9szked\u00e9s\u00e9t, majd 1990-ben felv\u00e1llalta a S\u00edk S\u00e1ndor [&hellip;]<\/p>\n","protected":false},"author":1,"featured_media":0,"parent":0,"menu_order":0,"comment_status":"closed","ping_status":"closed","template":"","meta":{"footnotes":""},"class_list":["post-1420","page","type-page","status-publish","hentry"],"_links":{"self":[{"href":"http:\/\/sscspark.com\/index.php?rest_route=\/wp\/v2\/pages\/1420","targetHints":{"allow":["GET"]}}],"collection":[{"href":"http:\/\/sscspark.com\/index.php?rest_route=\/wp\/v2\/pages"}],"about":[{"href":"http:\/\/sscspark.com\/index.php?rest_route=\/wp\/v2\/types\/page"}],"author":[{"embeddable":true,"href":"http:\/\/sscspark.com\/index.php?rest_route=\/wp\/v2\/users\/1"}],"replies":[{"embeddable":true,"href":"http:\/\/sscspark.com\/index.php?rest_route=%2Fwp%2Fv2%2Fcomments&post=1420"}],"version-history":[{"count":7,"href":"http:\/\/sscspark.com\/index.php?rest_route=\/wp\/v2\/pages\/1420\/revisions"}],"predecessor-version":[{"id":1542,"href":"http:\/\/sscspark.com\/index.php?rest_route=\/wp\/v2\/pages\/1420\/revisions\/1542"}],"wp:attachment":[{"href":"http:\/\/sscspark.com\/index.php?rest_route=%2Fwp%2Fv2%2Fmedia&parent=1420"}],"curies":[{"name":"wp","href":"https:\/\/api.w.org\/{rel}","templated":true}]}}